pose w*g - 70 + 22 = 0. Suppose -2*z + g*z - 260 = 0. What is the tens digit of z?
6
Suppose -4*h + 2 - 6 = 0. Let y be 49/21 - h/(-3). Suppose x = -2*n + 18, -5*n - y*x = -2*n - 27. What is the units digit of n?
9
Suppose 0 = -121*r + 119*r + z + 68264, -z = 4*r - 136522. What is the hundreds digit of r?
1
Suppose -611013 = -28*q + 175899. What is the units digit of q?
4
Suppose 3*a + 8*a + 220 = 0. What is the units digit of ((-3348)/(-30))/((-6)/a)?
2
What is the tens digit of 3/(-12) + (-592991)/(-28)?
7
Let h = 8102 + -3767. What is the tens digit of h?
3
Suppose -18*w - 63861 = -19*w - 5*x, 5*w + 6*x - 319267 = 0. What is the thousands digit of w?
3
Let t(q) = -2*q**2 - 13*q - 3. Let w = 32 - 27. Let c(x) = x**2 + 6*x + 2. Let u(m) = w*c(m) + 2*t(m). What is the tens digit of u(-17)?
2
Let c(f) = -3*f + 975 - 2*f**2 - 16 + 0*f. What is the units digit of c(0)?
9
Suppose 244761 = -15*o + 794136. What is the tens digit of o?
2
Let g be -4*(-1)/20 + 2216/20. Suppose 5*n + 2*w = -78, 4*n + w + 36 = 6*w. Let d = n + g. What is the units digit of d?
7
Let u(q) = 951 - 406 + 70*q - 474. What is the units digit of u(11)?
1
Let a = 16335 + -6303. What is the tens digit of a?
3
Let n = 3661 - 2522. What is the units digit of n?
9
Suppose 93 + 57 = -3*c. Let q = 54 + c. Suppose -o = -q*o + 279. What is the tens digit of o?
9
Suppose 420 = -5*p - 5*t, -6 = -t - 3. Let s(z) = -15*z**2 - 17*z + 2. Let v be s(3). Let h = p - v. What is the units digit of h?
7
Let o(c) = c**2 + 33*c + 4138. What is the hundreds digit of o(0)?
1
Let z(j) = 2*j**3 - 28*j**2 - 198*j + 68. What is the hundreds digit of z(21)?
0
Let z = 2796 + -1070. What is the units digit of z?
6
Let j = -5921 - -7889. What is the hundreds digit of j?
9
Let i(j) = -j**3 - 31*j**2 + 100*j - 46. Suppose 11 = -a + 4*r - 8, a = -r - 39. What is the thousands digit of i(a)?
1
Let g(f) = f**2 - 10*f + 44. Let z be g(21). Let b = z - 133. What is the tens digit of b?
4
Suppose 0 = -13*c + 16*c - 5*l - 23, 3*c - 3*l = 27. Suppose -275 = -0*q - c*q. What is the tens digit of q?
2
Let l(u) be the second derivative of u**4/3 - 4*u**3/3 - u**2 + u. Let b be 4 - (3 - 100/20). What is the units digit of l(b)?
4
Let i be (-6 + 0)/((-3)/(-74)). Let d = 187 + i. What is the tens digit of d?
3
Let o(q) = q**3 + 42*q**2 - 4*q - 51. What is the hundreds digit of o(-33)?
8
Suppose -4*k = 2 - 18. Suppose 0*c + 2 = -k*b - 2*c, 1 = 4*b - c. Suppose 9*x - 703 - 98 = b. What is the units digit of x?
9
Suppose -h + 10678 = 4*g - 2851, -g + 3*h = -3366. Suppose -w + 5*w - g = -z, -5*w = -3*z - 4239. What is the hundreds digit of w?
8
Suppose 0 = 2*k - 2*w + 2 + 4, -2*w + 10 = 0. Let g be (-1106)/70 - (-77)/(-35). What is the tens digit of k/(-1)*1242/g?
3
Let n(u) = u**2 + 6*u - 3. Let a be n(-7). Let t be (10/a)/((-5)/(-12)). Suppose t*f - 280 = -34. What is the units digit of f?
1
Let s(b) = 4*b**2 - 110*b - 471. What is the tens digit of s(50)?
2
What is the thousands digit of ((-5)/((-105)/413))/(2/834)?
8
Let j(q) = -q + 6*q**3 + 2 - 3*q**3 - 4*q**3. Let d = 1454 - 1454. What is the units digit of j(d)?
2
Suppose 2*t = 9*t + 39*t - 991898. What is the ten thousands digit of t?
2
Suppose -5*m + 244 + 41 = 0. Suppose -3*i + 5*j = -m, 2*j - 6*j = -5*i + 82. Suppose -4*z + 2*z = -i. What is the units digit of z?
7
What is the ten thousands digit of (-27)/99 - (4892420/22)/(-10)?
2
Let t(u) = 108*u**2 - 48*u + 38. What is the ten thousands digit of t(-27)?
8
Let n(s) = 2*s**2 + 5*s - 16. Let r(g) = -9 + 3 + 2*g - 9 + 3*g + g**2. Let c(v) = 3*n(v) - 2*r(v). What is the units digit of c(-6)?
6
Let h(y) = y - 23. Let m(p) = 2*p - 46. Let d(u) = -9*h(u) + 4*m(u). Let s be d(18). Let k(t) = 3*t**2 + 3*t + 7. What is the units digit of k(s)?
7
Suppose t + 2 = 0, 11 = -3*d + 4*d - 5*t. Let n be (1 - d)*(1 - (-5)/(-10)). Suppose l - 4 = 0, l - 314 = -2*f - n*l. What is the tens digit of f?
5
Suppose 0 = -4*z + 5*d - 31, 18*z - 3*d - 3 = 21*z. What is the units digit of ((-4)/z)/((-15)/(-15315))?
1
Suppose -3*j - 197*g + 20863 = -192*g, -2*g + 27808 = 4*j. What is the tens digit of j?
5
Suppose -992 = -7*x + 632. Let l = x - -177. What is the units digit of l?
9
What is the hundreds digit of ((-2)/4*-4786)/(11*(-15)/(-1650))?
9
Suppose 0 = -565*q + 560*q + 2350. Suppose 4*n - 10*o + 9*o = 1815, 3*o - q = -n. What is the hundreds digit of n?
4
Let m(j) = j**3 - 8*j**2 - 8*j + 10. Let s be m(14). Suppose 17*y - 16*y - s = -2*o, -3229 = -3*y + o. What is the units digit of y?
6
Let x(n) = -n**3 + 12*n**2 + 90*n - 11. What is the tens digit of x(-16)?
1
Let w = 1130 + 7488. What is the tens digit of w?
1
Let z(n) = -3*n**2 - 5*n + 6. Let b be z(-3). Let y(u) = -4*u**3 - 11*u**2 + 9*u - 12. What is the units digit of y(b)?
2
Suppose 50*u - 55*u = 1180. Suppose -7*d - 69 = -4*d. Let m = d - u. What is the units digit of m?
3
Suppose -1279556 = 500*u - 7535849 - 1783207. What is the units digit of u?
9
Suppose 5*l = -2*i + 39154, 5*l - 8*i + 7*i - 39148 = 0. What is the thousands digit of l?
7
Let u(v) = -v**2 + 33*v + 77. Let c be u(35). What is the hundreds digit of (6 - c) + -3 + 563?
5
Suppose -3*o - 7*j + 28772 = -12*j, -2*j = -10. What is the units digit of o?
9
Suppose -300 = -4*h - 88. Let d = 46 - h. What is the units digit of 25 - (-2 - d/1)?
0
Let q(d) = d**3 + 8*d**2 - 21*d - 100. Let y be q(-9). Suppose 0 = 5*n - y*k + 13*k - 515, -n + 83 = -3*k. What is the tens digit of n?
9
Let k(x) = -13*x**3 + 2*x**2 + 13*x + 1. Let p(l) = -39*l**3 + 6*l**2 + 38*l + 3. Let b(h) = -8*k(h) + 3*p(h). What is the units digit of b(-4)?
5
Let i(n) = 2*n**3 + 4*n**2 - 4*n + 1. Let g be i(1). Suppose -4*w - g*b = -1255, w + 325 = 2*w + 3*b. What is the tens digit of w?
1
Suppose -368 = h + a, 740 = -2*h - 0*h + 2*a. Suppose -311 = 4*w + 509. Let o = w - h. What is the tens digit of o?
6
Suppose 342494 + 168492 = 14*q. What is the tens digit of q?
9
Let b = 92550 + -61615. What is the thousands digit of b?
0
Let u = 15395 - -7753. What is the units digit of u?
8
Let i = 152235 + -104772. What is the ten thousands digit of i?
4
Let d(u) = 42*u - 6. Let p be d(1). Suppose -p*v = -31*v - 210. What is the units digit of v?
2
Suppose 389004 = 421*z - 355*z. What is the units digit of z?
4
Let s(k) = -1973*k**3 - 15*k**2 - 30*k - 5. What is the tens digit of s(-2)?
7
Suppose 4001 = i - 1144. Suppose 12*d - 9207 - i = 0. What is the units digit of d?
6
Suppose 9*i - 39932 = 107488. What is the tens digit of i?
8
Let k be (-1)/(-2) + (-50)/(-20) - -257. Suppose -k = -h - 4*h. Suppose 4*v = 456 + h. What is the tens digit of v?
2
Suppose 15 = 5*j - 0. Let a(c) = 90*c + 16. What is the hundreds digit of a(j)?
2
Let n(k) = 436*k + 5727. What is the tens digit of n(64)?
3
Let w be -2 + 2 + 1 - -237. Let l = 3790 + -3698. Suppose -11*y + w = -l. What is the units digit of y?
0
Suppose -4*w = h + w - 9, -2*h + 8 = 5*w. Let x be -9 + 8 - (0 - h). What is the tens digit of (1/x)/(0 + 3/(-270))?
4
Let t be (-22)/33 + 44/12. What is the tens digit of ((-2)/(-6))/(20920/6972 - t)?
8
Let y = 22392 + -15630. What is the tens digit of y?
6
Let w(c) = c**2 + 9*c. Let o be w(-9). Suppose o = 4*v - 101 - 379. Suppose -3*d + 93 + v = 0. What is the units digit of d?
1
Suppose -99*s + 1452043 = 282754. What is the hundreds digit of s?
8
What is the hundreds digit of 4695 - (-8)/(24/(-33))?
6
Let b be 2/(-4) - (-84)/(-56). Let r be (-3 - b)*(-2 + -1). Let j(a) = 19*a + 11. What is the units digit of j(r)?
8
Let r be (-10 - -6)*(-61)/4. Let g = -93 + r. What is the units digit of ((-150)/(-40))/((-2)/g) + 4?
4
Let k = 271 + 72. Suppose -3*v + 4*b + k = -1170, 5*v = -4*b + 2575. Suppose -2*p - v = -5*l, -4*l + 3*p - 36 + 449 = 0. What is the units digit of l?
1
Let z = 35601 + -4105. What is the ten thousands digit of z?
3
Let u(m) be the third derivative of -m**4/24 - 17*m**3/6 + 5*m**2. Let f be u(12). Let b = f + 154. What is the units digit of b?
5
Let t = -20256 - -36356. Suppose -t = -32*h + 7*h. What is the units digit of h?
4
Let q = 7910 + -1000. Suppose -w + 15*g = 13*g - 1390, 0 = -5*w + 2*g + q. What is the thousands digit of w?
1
Suppose -5 + 11 = 2*p. Suppose 0 = -4*y + p*y. Suppose -g = -6*m + 3*m - 68, y = -3*m. What is the tens digit of g?
6
Suppos